{"id":27,"date":"2026-02-16T17:09:26","date_gmt":"2026-02-16T17:09:26","guid":{"rendered":"https:\/\/laberintodenocheyniebla.powideas.com\/?page_id=27"},"modified":"2026-02-16T17:36:17","modified_gmt":"2026-02-16T17:36:17","slug":"inicio","status":"publish","type":"page","link":"https:\/\/laberintodenocheyniebla.powideas.com\/","title":{"rendered":"Inicio"},"content":{"rendered":"\t\t<div data-elementor-type=\"wp-page\" data-elementor-id=\"27\" class=\"elementor elementor-27\" data-elementor-post-type=\"page\">\n\t\t\t\t<div class=\"elementor-element elementor-element-187109d e-flex e-con-boxed e-con e-parent\" data-id=\"187109d\" data-element_type=\"container\" data-e-type=\"container\" data-settings=\"{&quot;background_background&quot;:&quot;classic&quot;}\">\n\t\t\t\t\t<div class=\"e-con-inner\">\n\t\t\t\t\t<\/div>\n\t\t\t\t<\/div>\n\t\t<div class=\"elementor-element elementor-element-57f4016 e-flex e-con-boxed e-con e-parent\" data-id=\"57f4016\" data-element_type=\"container\" data-e-type=\"container\">\n\t\t\t\t\t<div class=\"e-con-inner\">\n\t\t\t\t<div class=\"elementor-element elementor-element-288fc7d elementor-widget elementor-widget-text-editor\" data-id=\"288fc7d\" data-element_type=\"widget\" data-e-type=\"widget\" data-widget_type=\"text-editor.default\">\n\t\t\t\t\t\t\t\t\t<p>\u201c\u00a1Hay que sacar las armas de la universidad!\u201d, exclama con vehemencia Sa\u00fal Franco Agudelo, comisionado de la Verdad de Colombia, al reflexionar frente al equipo de reporteros j\u00f3venes de la Unidad de Investigaci\u00f3n Period\u00edstica sobre el impacto del conflicto armado en las universidades.<\/p><p>Este es un tema poco abordado en los medios de comunicaci\u00f3n del pa\u00eds. En la revisi\u00f3n de archivos de prensa, desde finales de la d\u00e9cada de los noventa hasta los primeros a\u00f1os del dos mil, no se encuentra un volumen significativo de publicaciones. Incluso, en medios locales, el silencio es notorio, a pesar de que la universidad p\u00fablica m\u00e1s importante de los territorios que cubr\u00edan se encontraba asediada por grupos armados ilegales.<\/p><p>\u00bfMiedo? \u00bfAmenazas a los periodistas? \u00bfCooptaci\u00f3n de las l\u00edneas editoriales? \u00bfSilencio de las fuentes? Hoy, todas esas posibilidades siguen vigentes y no permiten una respuesta categ\u00f3rica. Las guerras entierran verdades y consolidan estrat\u00e9gicamente una imagen turbia de la realidad.<\/p><p>La imagen turbia de Colombia a comienzos del siglo XXI es un collage en blanco y negro: pueblos desplaz\u00e1ndose, listas de desaparecidos, menores reclutados, masacres dantescas; estudiantes y profesores perseguidos por sus militancias o por oponerse al statu quo. Tambi\u00e9n es la imagen de un movimiento estudiantil, con un largo historial de persecuci\u00f3n desde principios del siglo XX, se\u00f1alado \u2014al final de esa \u00e9poca\u2014 como enemigo del Estado por supuestamente hacer \u201cjuego\u201d a las guerrillas.<\/p>\t\t\t\t\t\t\t\t<\/div>\n\t\t\t\t<div class=\"elementor-element elementor-element-4f9cc01 elementor-align-center elementor-widget elementor-widget-button\" data-id=\"4f9cc01\" data-element_type=\"widget\" data-e-type=\"widget\" data-widget_type=\"button.default\">\n\t\t\t\t\t\t\t\t\t\t<a class=\"elementor-button elementor-button-link elementor-size-sm\" href=\"#\">\n\t\t\t\t\t\t<span class=\"elementor-button-content-wrapper\">\n\t\t\t\t\t\t\t\t\t<span class=\"elementor-button-text\">Leer m\u00e1s<\/span>\n\t\t\t\t\t<\/span>\n\t\t\t\t\t<\/a>\n\t\t\t\t\t\t\t\t<\/div>\n\t\t\t\t\t<\/div>\n\t\t\t\t<\/div>\n\t\t<div class=\"elementor-element elementor-element-0fda216 e-flex e-con-boxed e-con e-parent\" data-id=\"0fda216\" data-element_type=\"container\" data-e-type=\"container\">\n\t\t\t\t\t<div class=\"e-con-inner\">\n\t\t\t\t<div class=\"elementor-element elementor-element-7fb2834 elementor-widget elementor-widget-image\" data-id=\"7fb2834\" data-element_type=\"widget\" data-e-type=\"widget\" data-widget_type=\"image.default\">\n\t\t\t\t\t\t\t\t\t\t\t\t\t\t\t<img decoding=\"async\" src=\"https:\/\/laberintodenocheyniebla.powideas.com\/wp-content\/uploads\/elementor\/thumbs\/trailer-h1-rj8z7j5hoz7kjdma5kx5nsjsxddf0pk10v0uyj6oto.webp\" title=\"trailer h1\" alt=\"trailer h1\" loading=\"lazy\" \/>\t\t\t\t\t\t\t\t\t\t\t\t\t\t\t<\/div>\n\t\t\t\t<div class=\"elementor-element elementor-element-72519fe elementor-widget elementor-widget-video\" data-id=\"72519fe\" data-element_type=\"widget\" data-e-type=\"widget\" data-settings=\"{&quot;youtube_url&quot;:&quot;https:\\\/\\\/youtu.be\\\/Hpe5eabCRaw?si=-aVK2-S0v1ZF-gqg&quot;,&quot;video_type&quot;:&quot;youtube&quot;,&quot;controls&quot;:&quot;yes&quot;}\" data-widget_type=\"video.default\">\n\t\t\t\t\t\t\t<div class=\"elementor-wrapper elementor-open-inline\">\n\t\t\t<div class=\"elementor-video\"><\/div>\t\t<\/div>\n\t\t\t\t\t\t<\/div>\n\t\t\t\t\t<\/div>\n\t\t\t\t<\/div>\n\t\t<div class=\"elementor-element elementor-element-8decec8 e-flex e-con-boxed e-con e-parent\" data-id=\"8decec8\" data-element_type=\"container\" data-e-type=\"container\">\n\t\t\t\t\t<div class=\"e-con-inner\">\n\t\t\t\t<div class=\"elementor-element elementor-element-fef8ba8 elementor-widget elementor-widget-image\" data-id=\"fef8ba8\" data-element_type=\"widget\" data-e-type=\"widget\" data-widget_type=\"image.default\">\n\t\t\t\t\t\t\t\t\t\t\t\t\t\t\t<img fetchpriority=\"high\" decoding=\"async\" width=\"550\" height=\"159\" src=\"https:\/\/laberintodenocheyniebla.powideas.com\/wp-content\/uploads\/2026\/02\/capitulos.webp\" class=\"attachment-large size-large wp-image-56\" alt=\"\" srcset=\"https:\/\/laberintodenocheyniebla.powideas.com\/wp-content\/uploads\/2026\/02\/capitulos.webp 550w, https:\/\/laberintodenocheyniebla.powideas.com\/wp-content\/uploads\/2026\/02\/capitulos-300x87.webp 300w\" sizes=\"(max-width: 550px) 100vw, 550px\" \/>\t\t\t\t\t\t\t\t\t\t\t\t\t\t\t<\/div>\n\t\t<div class=\"elementor-element elementor-element-f08c5b3 e-grid e-con-full e-con e-child\" data-id=\"f08c5b3\" data-element_type=\"container\" data-e-type=\"container\">\n\t\t\t\t<div class=\"elementor-element elementor-element-360511a elementor-widget elementor-widget-image\" data-id=\"360511a\" data-element_type=\"widget\" data-e-type=\"widget\" data-widget_type=\"image.default\">\n\t\t\t\t\t\t\t\t\t\t\t\t\t\t\t<img decoding=\"async\" width=\"800\" height=\"457\" src=\"https:\/\/laberintodenocheyniebla.powideas.com\/wp-content\/uploads\/2026\/02\/cap3-universidades-sujetos-no-reparados.webp\" class=\"elementor-animation-grow attachment-large size-large wp-image-57\" alt=\"\" srcset=\"https:\/\/laberintodenocheyniebla.powideas.com\/wp-content\/uploads\/2026\/02\/cap3-universidades-sujetos-no-reparados.webp 800w, https:\/\/laberintodenocheyniebla.powideas.com\/wp-content\/uploads\/2026\/02\/cap3-universidades-sujetos-no-reparados-300x171.webp 300w, https:\/\/laberintodenocheyniebla.powideas.com\/wp-content\/uploads\/2026\/02\/cap3-universidades-sujetos-no-reparados-768x439.webp 768w\" sizes=\"(max-width: 800px) 100vw, 800px\" \/>\t\t\t\t\t\t\t\t\t\t\t\t\t\t\t<\/div>\n\t\t\t\t<div class=\"elementor-element elementor-element-157a365 elementor-widget elementor-widget-image\" data-id=\"157a365\" data-element_type=\"widget\" data-e-type=\"widget\" data-widget_type=\"image.default\">\n\t\t\t\t\t\t\t\t\t\t\t\t\t\t\t<img decoding=\"async\" width=\"800\" height=\"457\" src=\"https:\/\/laberintodenocheyniebla.powideas.com\/wp-content\/uploads\/2026\/02\/cap2-pocas-veces-hablo-de-esto-1.webp\" class=\"elementor-animation-grow attachment-large size-large wp-image-62\" alt=\"\" srcset=\"https:\/\/laberintodenocheyniebla.powideas.com\/wp-content\/uploads\/2026\/02\/cap2-pocas-veces-hablo-de-esto-1.webp 800w, https:\/\/laberintodenocheyniebla.powideas.com\/wp-content\/uploads\/2026\/02\/cap2-pocas-veces-hablo-de-esto-1-300x171.webp 300w, https:\/\/laberintodenocheyniebla.powideas.com\/wp-content\/uploads\/2026\/02\/cap2-pocas-veces-hablo-de-esto-1-768x439.webp 768w\" sizes=\"(max-width: 800px) 100vw, 800px\" \/>\t\t\t\t\t\t\t\t\t\t\t\t\t\t\t<\/div>\n\t\t\t\t<div class=\"elementor-element elementor-element-f479518 elementor-widget elementor-widget-image\" data-id=\"f479518\" data-element_type=\"widget\" data-e-type=\"widget\" data-widget_type=\"image.default\">\n\t\t\t\t\t\t\t\t\t\t\t\t\t\t\t<img loading=\"lazy\" decoding=\"async\" width=\"800\" height=\"457\" src=\"https:\/\/laberintodenocheyniebla.powideas.com\/wp-content\/uploads\/2026\/02\/cap1-silenciados.webp\" class=\"elementor-animation-grow attachment-large size-large wp-image-66\" alt=\"\" srcset=\"https:\/\/laberintodenocheyniebla.powideas.com\/wp-content\/uploads\/2026\/02\/cap1-silenciados.webp 800w, https:\/\/laberintodenocheyniebla.powideas.com\/wp-content\/uploads\/2026\/02\/cap1-silenciados-300x171.webp 300w, https:\/\/laberintodenocheyniebla.powideas.com\/wp-content\/uploads\/2026\/02\/cap1-silenciados-768x439.webp 768w\" sizes=\"(max-width: 800px) 100vw, 800px\" \/>\t\t\t\t\t\t\t\t\t\t\t\t\t\t\t<\/div>\n\t\t\t\t<div class=\"elementor-element elementor-element-778d1e9 elementor-widget elementor-widget-image\" data-id=\"778d1e9\" data-element_type=\"widget\" data-e-type=\"widget\" data-widget_type=\"image.default\">\n\t\t\t\t\t\t\t\t\t\t\t\t\t\t\t<img loading=\"lazy\" decoding=\"async\" width=\"800\" height=\"457\" src=\"https:\/\/laberintodenocheyniebla.powideas.com\/wp-content\/uploads\/2026\/02\/cap4-criminalizacion-de-estudiantes.webp\" class=\"elementor-animation-grow attachment-large size-large wp-image-67\" alt=\"\" srcset=\"https:\/\/laberintodenocheyniebla.powideas.com\/wp-content\/uploads\/2026\/02\/cap4-criminalizacion-de-estudiantes.webp 800w, https:\/\/laberintodenocheyniebla.powideas.com\/wp-content\/uploads\/2026\/02\/cap4-criminalizacion-de-estudiantes-300x171.webp 300w, https:\/\/laberintodenocheyniebla.powideas.com\/wp-content\/uploads\/2026\/02\/cap4-criminalizacion-de-estudiantes-768x439.webp 768w\" sizes=\"(max-width: 800px) 100vw, 800px\" \/>\t\t\t\t\t\t\t\t\t\t\t\t\t\t\t<\/div>\n\t\t\t\t<\/div>\n\t\t\t\t\t<\/div>\n\t\t\t\t<\/div>\n\t\t\t\t<\/div>\n\t\t","protected":false},"excerpt":{"rendered":"<p>\u201c\u00a1Hay que sacar las armas de la universidad!\u201d, exclama con vehemencia Sa\u00fal Franco Agudelo, comisionado de la Verdad de Colombia, al reflexionar frente al equipo de reporteros j\u00f3venes de la Unidad de Investigaci\u00f3n Period\u00edstica sobre el impacto del conflicto armado en las universidades. Este es un tema poco abordado en los medios de comunicaci\u00f3n del [&hellip;]<\/p>\n","protected":false},"author":1,"featured_media":0,"parent":0,"menu_order":0,"comment_status":"closed","ping_status":"closed","template":"elementor_header_footer","meta":{"footnotes":""},"class_list":["post-27","page","type-page","status-publish","hentry"],"_links":{"self":[{"href":"https:\/\/laberintodenocheyniebla.powideas.com\/index.php\/wp-json\/wp\/v2\/pages\/27","targetHints":{"allow":["GET"]}}],"collection":[{"href":"https:\/\/laberintodenocheyniebla.powideas.com\/index.php\/wp-json\/wp\/v2\/pages"}],"about":[{"href":"https:\/\/laberintodenocheyniebla.powideas.com\/index.php\/wp-json\/wp\/v2\/types\/page"}],"author":[{"embeddable":true,"href":"https:\/\/laberintodenocheyniebla.powideas.com\/index.php\/wp-json\/wp\/v2\/users\/1"}],"replies":[{"embeddable":true,"href":"https:\/\/laberintodenocheyniebla.powideas.com\/index.php\/wp-json\/wp\/v2\/comments?post=27"}],"version-history":[{"count":25,"href":"https:\/\/laberintodenocheyniebla.powideas.com\/index.php\/wp-json\/wp\/v2\/pages\/27\/revisions"}],"predecessor-version":[{"id":70,"href":"https:\/\/laberintodenocheyniebla.powideas.com\/index.php\/wp-json\/wp\/v2\/pages\/27\/revisions\/70"}],"wp:attachment":[{"href":"https:\/\/laberintodenocheyniebla.powideas.com\/index.php\/wp-json\/wp\/v2\/media?parent=27"}],"curies":[{"name":"wp","href":"https:\/\/api.w.org\/{rel}","templated":true}]}}